81
What are the prime factors of 36796909?
443, 83063
List the prime factors of 78079742.
2, 13, 17, 176651
List the prime factors of 2137135631.
2137135631
List the prime factors of 891314144.
2, 7, 53, 193, 389
What are the prime factors of 45642368?
2, 293, 1217
List the prime factors of 34225761.
3, 1091, 10457
What are the prime factors of 150782775?
3, 5, 11, 13, 17, 827
What are the prime factors of 78872797?
5669, 13913
What are the prime factors of 171397275?
3, 5, 7, 137, 2383
What are the prime factors of 548646047?
548646047
What are the prime factors of 6900501?
3, 2300167
List the prime factors of 9525623.
1931, 4933
List the prime factors of 692552746.
2, 346276373
List the prime factors of 511550.
2, 5, 13, 787
What are the prime factors of 1598184737?
53, 30154429
List the prime factors of 390755073.
3, 23, 757, 7481
List the prime factors of 1878733094.
2, 7, 131, 1024391
List the prime factors of 1054968540.
2, 3, 5, 19, 41, 22571
What are the prime factors of 59447518?
2, 13, 2286443
What are the prime factors of 253332959?
11, 1087, 21187
What are the prime factors of 404151151?
223, 239, 7583
What are the prime factors of 111571462?
2, 55785731
List the prime factors of 1268746071.
3, 19, 1601, 13903
What are the prime factors of 7201248962?
2, 211, 17064571
What are the prime factors of 16202331?
3, 1800259
What are the prime factors of 194728348?
2, 61, 798067
List the prime factors of 117796325.
5, 4711853
What are the prime factors of 6952315242?
2, 3, 1158719207
List the prime factors of 9907349.
9907349
What are the prime factors of 1096951226?
2, 7, 2441, 32099
List the prime factors of 56550381.
3, 17, 277, 4003
List the prime factors of 742565047.
7, 106080721
List the prime factors of 129315320.
2, 5, 3232883
What are the prime factors of 464400590?
2, 5, 23, 2019133
List the prime factors of 421995684.
2, 3, 11, 31, 281, 367
What are the prime factors of 108730243?
61, 1782463
List the prime factors of 20995317.
3, 7, 37, 9007
List the prime factors of 74109301.
7, 10587043
List the prime factors of 2566618282.
2, 17, 75488773
List the prime factors of 137260949.
7, 19608707
What are the prime factors of 383618255?
5, 76723651
List the prime factors of 31157217.
3, 7, 13, 1409
What are the prime factors of 6076783?
6076783
List the prime factors of 43401320.
2, 5, 19, 57107
List the prime factors of 3978976234.
2, 401, 4961317
What are the prime factors of 1780999348?
2, 3719, 119723
What are the prime factors of 45386193?
3, 19, 503, 1583
What are the prime factors of 76207998?
2, 3, 29, 437977
What are the prime factors of 150289473?
3, 467, 107273
List the prime factors of 706393245.
3, 5, 823, 57221
List the prime factors of 421445026.
2, 113, 1864801
What are the prime factors of 66746536?
2, 8343317
What are the prime factors of 1578541570?
2, 5, 157854157
List the prime factors of 65948106.
2, 3, 7, 1570193
List the prime factors of 997411558.
2, 11, 13, 29, 53, 2269
What are the prime factors of 667939811?
7, 11, 8674543
What are the prime factors of 223383741?
3, 7, 19, 559859
What are the prime factors of 142010392?
2, 17751299
What are the prime factors of 17314444?
2, 7, 88339
List the prime factors of 686925996.
2, 3, 521, 109873
List the prime factors of 152341142.
2, 2381, 31991
List the prime factors of 1188688065.
3, 5, 79245871
List the prime factors of 660354305.
5, 13, 2837, 3581
What are the prime factors of 28090972?
2, 7, 13, 229, 337
List the prime factors of 46862302.
2, 17, 157, 8779
What are the prime factors of 4790155803?
3, 1301, 1227301
List the prime factors of 7285506.
2, 3, 769, 1579
What are the prime factors of 2259539571?
3, 71, 10608167
What are the prime factors of 3303670751?
3303670751
List the prime factors of 1020103326.
2, 3, 11, 17, 27551
List the prime factors of 109081360.
2, 5, 47, 67, 433
List the prime factors of 31660693.
3989, 7937
What are the prime factors of 8300800?
2, 5, 1297
List the prime factors of 38500881.
3, 467, 27481
What are the prime factors of 5450488977?
3, 4549, 399391
List the prime factors of 15249079.
97, 157207
What are the prime factors of 229618210?
2, 5, 22961821
What are the prime factors of 88350825?
3, 5, 103, 11437
List the prime factors of 1704087688.
2, 37, 109, 52817
What are the prime factors of 524791775?
5, 113, 185767
What are the prime factors of 275439224?
2, 34429903
List the prime factors of 294396321.
3, 98132107
List the prime factors of 236922429.
3, 31, 401, 6353
List the prime factors of 3656038526.
2, 7, 29, 9005021
What are the prime factors of 1413235955?
5, 421, 509, 1319
What are the prime factors of 5622197666?
2, 67, 311, 134909
List the prime factors of 991564120.
2, 5, 233, 106391
List the prime factors of 1078784199.
3, 103, 1163737
What are the prime factors of 3110161367?
3110161367
What are the prime factors of 120877927?
37, 743, 4397
What are the prime factors of 154143518?
2, 41, 59, 151, 211
List the prime factors of 2153266631.
17, 599, 211457
List the prime factors of 2661185326.
2, 311, 4278433
List the prime factors of 622114821.
3, 59, 1171591
List the prime factors of 349549404.
2, 3, 73, 79, 5051
What are the prime factors of 1718641165?
5, 343728233
What are the prime factors of 100531659?
3, 17, 1971209
What are the prime factors of 35872603?
13, 2759431
List the prime factors of 110085888.
2, 3, 11, 83, 157
What are the prime factors of 124037858?
2, 7, 109, 81283
List the prime factors of 4841598773.
11, 2969, 13477
List the prime factors of 1665680621.
11, 17, 317, 28099
What are the prime factors of 139865941?
139865941
List the prime factors of 818639687.
113, 7244599
List the prime factors of 309965995.
5, 53, 1169683
What are the prime factors of 1505132500?
2, 5, 19, 31687
What are the prime factors of 41890495?
5, 199, 42101
What are the prime factors of 23181491?
23181491
List the prime factors of 17737134.
2, 3, 37, 109, 733
What are the prime factors of 4508346494?
2, 101, 22318547
List the prime factors of 8415921862.
2, 311, 13530421
What are the prime factors of 33658262?
2, 11, 257, 5953
List the prime factors of 93527504.
2, 7, 419, 1993
List the prime factors of 105295442.
2, 7, 131, 57413
List the prime factors of 77967412.
2, 19, 1025887
List the prime factors of 114489760.
2, 5, 7, 11, 9293
What are the prime factors of 35069127?
3, 73, 79, 2027
List the prime factors of 1570839033.
3, 37, 14151703
List the prime factors of 1665087494.
2, 7, 103, 1154707
List the prime factors of 379334325.
3, 5, 491, 10301
List the prime factors of 27460913.
27460913
What are the prime factors of 355732289?
11, 32339299
What are the prime factors of 230992582?
2, 109, 1059599
What are the prime factors of 1855573546?
2, 927786773
List the prime factors of 36321393.
3, 23, 526397
List the prime factors of 561655582.
2, 31, 71, 127591
What are the prime factors of 4309576357?
191, 839, 26893
What are the prime factors of 117485013?
3, 39161671
What are the prime factors of 45259818?
2, 3, 41, 251, 733
What are the prime factors of 80345824?
2, 13, 193139
List the prime factors of 808247975.
5, 5167, 6257
What are the prime factors of 74438907?
3, 24812969
List the prime factors of 144315901.
271, 532531
What are the prime factors of 57597663?
3, 463, 41467
What are the prime factors of 179545209?
3, 197, 461, 659
List the prime factors of 182961549.
3, 20329061
What are the prime factors of 121565306?
2, 19, 137, 1229
What are the prime factors of 39005907?
3, 23, 565303
What are the prime factors of 246808919?
7, 35258417
What are the prime factors of 543483696?
2, 3, 7, 311, 743
List the prime factors of 306999854.
2, 7, 379, 57859
What are the prime factors of 1648144288?
2, 7, 17, 443, 977
List the prime factors of 10326486.
2, 3, 1721081
List the prime factors of 79292104.
2, 1741, 5693
What are the prime factors of 357655653?
3, 37, 1074041
List the prime factors of 987919806.
2, 3, 79, 2084219
What are the prime factors of 5989627427?
7, 193, 4433477
List the prime factors of 269739719.
269739719
What are the prime factors of 945093269?
19, 49741751
List the prime factors of 468136976.
2, 29258561
List the prime factors of 163456623.
3, 11, 61151
List the prime factors of 999